{"version":"1.0","provider_name":"Corte Parma","provider_url":"https:\/\/www.corteparma.it\/fr\/","title":"PLMA 2024 - Corte Parma","type":"rich","width":600,"height":338,"html":"<blockquote class=\"wp-embedded-content\" data-secret=\"SF2kFGDVBX\"><a href=\"https:\/\/www.corteparma.it\/fr\/plma-2024\/\">PLMA 2024<\/a><\/blockquote><iframe sandbox=\"allow-scripts\" security=\"restricted\" src=\"https:\/\/www.corteparma.it\/fr\/plma-2024\/embed\/#?secret=SF2kFGDVBX\" width=\"600\" height=\"338\" title=\"\u00ab\u00a0PLMA 2024\u00a0\u00bb &#8212; Corte Parma\" data-secret=\"SF2kFGDVBX\" frameborder=\"0\" marginwidth=\"0\" marginheight=\"0\" scrolling=\"no\" class=\"wp-embedded-content\"><\/iframe><script>\n\/*! This file is auto-generated *\/\n!function(d,l){\"use strict\";l.querySelector&&d.addEventListener&&\"undefined\"!=typeof URL&&(d.wp=d.wp||{},d.wp.receiveEmbedMessage||(d.wp.receiveEmbedMessage=function(e){var t=e.data;if((t||t.secret||t.message||t.value)&&!\/[^a-zA-Z0-9]\/.test(t.secret)){for(var s,r,n,a=l.querySelectorAll('iframe[data-secret=\"'+t.secret+'\"]'),o=l.querySelectorAll('blockquote[data-secret=\"'+t.secret+'\"]'),c=new RegExp(\"^https?:$\",\"i\"),i=0;i<o.length;i++)o[i].style.display=\"none\";for(i=0;i<a.length;i++)s=a[i],e.source===s.contentWindow&&(s.removeAttribute(\"style\"),\"height\"===t.message?(1e3<(r=parseInt(t.value,10))?r=1e3:~~r<200&&(r=200),s.height=r):\"link\"===t.message&&(r=new URL(s.getAttribute(\"src\")),n=new URL(t.value),c.test(n.protocol))&&n.host===r.host&&l.activeElement===s&&(d.top.location.href=t.value))}},d.addEventListener(\"message\",d.wp.receiveEmbedMessage,!1),l.addEventListener(\"DOMContentLoaded\",function(){for(var e,t,s=l.querySelectorAll(\"iframe.wp-embedded-content\"),r=0;r<s.length;r++)(t=(e=s[r]).getAttribute(\"data-secret\"))||(t=Math.random().toString(36).substring(2,12),e.src+=\"#?secret=\"+t,e.setAttribute(\"data-secret\",t)),e.contentWindow.postMessage({message:\"ready\",secret:t},\"*\")},!1)))}(window,document);\n\/\/# sourceURL=https:\/\/www.corteparma.it\/wp-includes\/js\/wp-embed.min.js\n<\/script>\n","thumbnail_url":"https:\/\/www.corteparma.it\/wp-content\/uploads\/2024\/06\/plma-2024.jpg","thumbnail_width":886,"thumbnail_height":552,"description":"\u00c0 Amsterdam du 28 au 29 mai Le salon PLMA d&rsquo;Amsterdam est pour nous une vitrine sur le march\u00e9 international ainsi qu\u2019un moment d\u2019\u00e9change avec nos partenaires, actuels et nouveaux. Le vif succ\u00e8s de notre gamme de pains de marque Amoretti ne se d\u00e9ment pas et nous nous r\u00e9jouissons d\u00e9j\u00e0 \u00e0 l\u2019id\u00e9e de participer \u00e0 ... Lire la suite"}

À Amsterdam du 28 au 29 mai Le salon PLMA d&rsquo;Amsterdam est pour nous une vitrine sur le marché international ainsi qu’un moment d’échange avec nos partenaires, actuels et nouveaux. Le vif succès de notre gamme de pains de marque Amoretti ne se dément pas et nous nous réjouissons déjà à l’idée de participer à ... Lire la suite
